s divided by 30?
26
Suppose -10*f + 44 = -56. Let z(b) = 7*b + 1 + 2 + 6*b + 2*b. What is the remainder when z(3) is divided by f?
8
Suppose -4*s + 2*s + 66 = 0. Suppose 0 = -2*f - 5*m + 123, -5*f = -2*m - 451 + 129. Calculate the remainder when f is divided by s.
31
Let z(x) = x**2 - 7*x - 21. Let g be z(9). Calculate the remainder when 67 is divided by g/9 + -86*2/(-12).
11
Let d = 5 - 0. Suppose 0 = 13*x + 960 - 1727. Calculate the remainder when x is divided by d.
4
Suppose 0*s - 5*b - 128 = 3*s, -5*b + 160 = -5*s. Let k = 74 + s. What is the remainder when k is divided by 15?
8
Suppose 0*r + 3*r + 4*q = 444, -3*r - 3*q = -444. Calculate the remainder when r is divided by 50.
48
Suppose -8*z - 685 = -13*z. Let a = 247 - z. Calculate the remainder when a is divided by 56.
54
Let v(q) = -6*q - 13. Let j be v(-11). Let f = 52 + j. What is the remainder when 1*f - (3 - 0) is divided by 26?
24
Suppose 0 = -424*i + 419*i + 210. Let a(f) be the third derivative of f**4/6 - 5*f**3/6 - f**2. What is the remainder when i is divided by a(4)?
9
Suppose 0 = -9*y + 542 + 277. What is the remainder when y is divided by 26?
13
Suppose -2 - 3 = -h. Calculate the remainder when 38 is divided by h.
3
What is the remainder when 68 is divided by ((-16)/24)/(1/(-57))?
30
Let s(g) = -15*g**2 - 94*g - 63. What is the remainder when 620/6*12/10 is divided by s(-5)?
28
Suppose -97*t + 3663 = 14*t. What is the remainder when t is divided by 5?
3
Suppose 20 = -k + 5*k. Suppose -k = 4*x - 29. What is the remainder when 37 is divided by 184/18 - x/27?
7
Suppose -w + 3 = -0*w. Suppose 21 + 18 = w*r. Let s = 102 - 53. Calculate the remainder when s is divided by r.
10
Suppose -2*h = 4*a - 474, 5*a - 252 = -h - 0*a. Calculate the remainder when h is divided by 38.
37
Let l = -60 + 94. Suppose -2*w = -0*w - l. Suppose 5*b - 248 = -2*i, -4*i = -5*b + 110 + 144. Calculate the remainder when b is divided by w.
16
Let f = 9 + -13. Let k be -4*((-4)/f)/1. Let i(v) = -v**3 - 2*v**2 + 4*v - 5. Calculate the remainder when i(k) is divided by 4.
3
Suppose f = 3*f + w - 83, -f + 37 = -w. Suppose f = 4*n - 2*n. Calculate the remainder when 37 is divided by n.
17
Suppose 0 = -2*i - 7*i + 36. Let u(h) = -h**3 - 2*h**2 + 3*h - 5. Suppose -s - 2*s - 12 = 0. Calculate the remainder when u(s) is divided by i.
3
Let g(u) = -u**3 - u**2 + 4*u. Let k = -778 + 545. Let d = k + 326. Calculate the remainder when d is divided by g(-4).
29
Let m(j) = 23*j - 222. What is the remainder when 19 is divided by m(10)?
3
Let m = 42 + -43. Let t(x) = 72*x**2. Calculate the remainder when t(m) is divided by 19.
15
Suppose 15 = 2*l + h + 5, 3*l = -5*h + 29. Calculate the remainder when 12 + 3*4/(-6) is divided by l*((-8)/(-4))/2.
1
Let p = -1234 + 1257. Calculate the remainder when 290 is divided by p.
14
Suppose -4*q + 42 + 2 = 0. Let v = 0 + 4. Suppose p = 15 + v. Calculate the remainder when p is divided by q.
8
Let o(j) = 5*j - 5. Let m be o(2). Suppose m*i - 95 - 20 = 0. What is the remainder when 136 is divided by i?
21
Let m(h) = -h**2 - 8*h + 1. Suppose u - 2*p - 35 = -7*p, 3*u - 2*p - 105 = 0. Calculate the remainder when u is divided by m(-6).
9
Let h = -734 - -741. What is the remainder when 26 is divided by h?
5
Suppose 0 = -3*z - 195 - 18. Let j = 87 + z. Calculate the remainder when 21/(-2)*(-40)/15 is divided by j.
12
Suppose -5*h - 4 = -29. Suppose 19 = 5*s - h*f - 66, -f = -2*s + 36. Calculate the remainder when s is divided by 11.
8
Let d(a) = 8*a + 102. What is the remainder when d(17) is divided by 49?
42
Let o(t) = 11*t - 119. What is the remainder when 37 is divided by o(12)?
11
Let b(t) = -t**3 + 19*t**2 - 17*t - 9. Let j be b(18). Suppose j*n = 5*n + 76. What is the remainder when 92 is divided by n?
16
Suppose 14*z = l + 6249, 3*l - 5 = 4*l. Calculate the remainder when z is divided by 32.
30
Suppose v = 2*r + 160, -4*v + 5*r = 9 - 637. What is the remainder when v is divided by 82?
70
Suppose 4*y = 2*y. Suppose y = -n + 3, -5*n + 21 = 2*d - 4. Let k = d + 4. What is the remainder when 25 is divided by k?
7
Let g = -15 - -29. Suppose -4*r = -2*x - r + 11, g = 2*x - 2*r. Calculate the remainder when 6 is divided by x/(-4)*20/(-25).
0
Suppose -88*o + 75*o = -12415. What is the remainder when o is divided by 29?
27
Let k = 1246 + -1134. What is the remainder when k is divided by 19?
17
Let f = -8 - -6. Calculate the remainder when 125 is divided by f/4 - 715/(-22).
29
Calculate the remainder when 406 is divided by 24/32 + (-3003)/(-44).
61
Suppose 39*z - 504 - 939 = 0. What is the remainder when z is divided by 22?
15
Let n(o) = 92*o. Calculate the remainder when n(1) is divided by 18/(-6) - (1 - 35).
30
Suppose 22*j - 737 - 209 = 0. What is the remainder when j is divided by (2 + 11)*1 - 2?
10
Suppose -6*n = -2*n - 180. Let w = 197 - 189. Calculate the remainder when n is divided by w.
5
What is the remainder when 8/12 - (3 - (-344)/(-6)) is divided by 12?
7
Suppose -5 - 11 = -4*i. Suppose -4*a + 14 + 22 = 5*v, -5*a + 54 = i*v. Calculate the remainder when a is divided by 8.
6
Let p(r) = -18*r**3 + 1. Let z(x) = -x**3 + 7*x**2 - 2*x + 13. Let m be z(7). What is the remainder when p(m) is divided by 11?
8
What is the remainder when (-11)/(-2)*(-4 - -14) is divided by 30/18 - 240/(-18)?
10
Let z(w) = -4*w - 5*w + 5*w**2 - 2 - 7*w**2. Let f be z(-8). Let h = -36 - f. Calculate the remainder when 64 is divided by h.
20
Let n(w) = -2*w. Let v be n(-2). Suppose v*d - 4 = 3*d. Suppose -5*u + 0*u + 30 = 0. What is the remainder when u is divided by d?
2
Let h(q) = -q**3 - 4*q**2 - q - 3. Let a = -487 + 493. What is the remainder when h(-5) is divided by a?
3
Let m(x) = -77*x - 83. What is the remainder when m(-4) is divided by 29?
22
Suppose -5*p = -4*b + 136 - 31, -p = b - 15. Suppose -4*l + 2*l = -3*g - 83, -g + 5*l = 45. Let z = -14 - g. Calculate the remainder when b is divided by z.
9
Suppose -2 = -4*h + 2*k, 4*h + 4*k - 48 = -16. Suppose 0 = -6*v + h*v + 12. What is the remainder when v is divided by 3?
1
Let r(m) = -5*m**2 - m. Let w be r(-1). Let x be 1*4 + w/2. Suppose -57 + 19 = -x*n. What is the remainder when 35 is divided by n?
16
Suppose 20 - 2 = 3*b. Let r(u) = 2*u - 11. What is the remainder when 2 is divided by r(b)?
0
What is the remainder when 338 is divided by ((-1539)/(-5))/9 - (-3)/(-15)?
32
Let q(l) = 10 + 2*l**2 - 3*l**2 - 9 + 8*l - 7*l**2 + l**3. Suppose -3*i - 3*w = -33, -4*w - 46 - 8 = -3*i. What is the remainder when i is divided by q(7)?
6
Suppose 0 = -r - s + 5, 0*r - r - 3*s = -13. Let v be 1/3 - 26/(-3). Let u = v - 8. What is the remainder when r is divided by u?
0
Suppose 158 = 3*a - 6*o + 4*o, 5*o - 80 = -2*a. Calculate the remainder when a is divided by 20.
10
Let c be (64/48)/(2/3). Suppose -c*d + 15 + 39 = 5*w, 4*d + 36 = 2*w. Let p = -35 + 58. Calculate the remainder when p is divided by w.
11
Let f = -33 + 18. Let b = f - -30. Calculate the remainder when 25 is divided by b.
10
Let k(v) = 3 - 33*v + 54*v - 4 + 0. Calculate the remainder when 98 is divided by k(1).
18
Let s = -299 - -544. What is the remainder when s is divided by 79?
8
Let k(l) = -5*l - 63. Suppose -4*t - 28 = 3*z + t, 60 = -3*z + 3*t. Calculate the remainder when 33 is divided by k(z).
16
Suppose 5*q + 0*q + 105 = 4*w, 2*w - q - 51 = 0. Calculate the remainder when 44 is divided by w.
19
What is the remainder when ((-100)/14)/((-2)/70) is divided by 63?
61
Suppose 2*n + 4*o - 24 = 0, 0 = 5*n + 2*o - 21 - 39. What is the remainder when n is divided by 5?
2
What is the remainder when (-1278)/(-8) + -3 + (-169)/(-52) is divided by 42?
34
Suppose -10*u = -42 - 58. Calculate the remainder when 168 is divided by u.
8
Suppose -37 = -3*t + 5*f, 5*t - 75 = -6*f + f. Suppose -4*r - 127*q + 18 = -124*q, -q = -5*r + 32. Calculate the remainder when t is divided by r.
2
Let c(s) = -s**2 + 6*s. Let i(h) = 2*h**2 - 7*h - 1. Let l(m) = 3*c(m) + 2*i(m). Calculate the remainder when l(-9) is divided by (-1*3)/((-2)/10).
13
Suppose -1 = -2*a + 15. Let o = -2517 + 2520. Calculate the remainder when a is divided by o.
2
Let n = -2 - -22. Suppose 0*k - n = -3*k - h, 4*h = -2*k + 10. Let c = k - 4. Calculate the remainder when 4 is divided by c.
1
Let f = 1523 - 788. Calculate the remainder when f is di